 = 5 - 3. Suppose f*u = -0*u + 94. What is the remainder when u is divided by k?
7
Let k = -54 + 97. Let h = -24 + k. Suppose 3*f - 5*a = 51, 4*f - h = 3*f + a. Calculate the remainder when 41 is divided by f.
19
Let h be ((-4)/(-3))/2*(-1872)/(-96). Let p = -5 + h. Let n = 0 + 4. Calculate the remainder when p is divided by n.
0
Let m = -500 + 524. What is the remainder when 492 is divided by (m/16)/(5/30)?
6
Suppose -6*v + g = -9*v + 52, 72 = 2*v - 4*g. Calculate the remainder when 686 is divided by v.
6
Let h = 178662 - 178645. Let p(r) = 4*r**3 + 2 + 3*r**2 + r**3 - 4*r + 0*r. Calculate the remainder when p(2) is divided by h.
12
Let h be ((-10)/(-1))/(8/28). Suppose -130 = 3*u + h. What is the remainder when (11580/(-33))/(-5) + 10/u is divided by 11?
4
Let b(s) = 38*s + 498. What is the remainder when b(23) is divided by 671?
30
Let u = -5972 + 6008. Calculate the remainder when 1850 is divided by u.
14
Let b(n) = -287*n + 10364. What is the remainder when 2529 is divided by b(35)?
296
Suppose -5*z + 2*z + 69 = 3*v, 5*v - z = 139. Suppose 2*c = -2*c + 192. Calculate the remainder when 3 + (c - -1 - 0) is divided by v.
25
Suppose 2946 = 56*o + 1378. Suppose 2 = 3*u - 4. Suppose 3*r = u*z - 1 + 4, -4*r = -20. Calculate the remainder when o is divided by z.
4
Calculate the remainder when 30/(-9)*54/30 + 1339 is divided by 162.
37
Suppose -5*z + 2*k = -344, z - 5*k - 61 = -2*k. Let x = z - 44. Suppose x*g = 20*g + 36. What is the remainder when 8 is divided by g?
2
Suppose -5*f = -t + 7, -5*t + 0*f = -f - 11. Let k(a) = -a**2 + 202*a + 7. What is the remainder when k(0) is divided by t?
1
Suppose 4*u = 4*t + 31288, 2*t = 4 - 0. What is the remainder when u is divided by 2605?
9
Suppose 14*j - 32 = 10. Suppose a - 29 = 2*b, -75 = -5*a - j*b - b. What is the remainder when a is divided by 14?
5
Let t = -10991 - -11003. Suppose 4*g - 9 = 83. Suppose 0*q = -4*q - 3*d + g, -5*d - 5 = -2*q. What is the remainder when t is divided by q?
2
Suppose -40 = -5*m + 5*s, 0 = 4*m + s - 12 - 30. Suppose 0 = -m*l + 11*l + 28. What is the remainder when (7*-4)/(8/l) is divided by 25?
23
Suppose -716*v - 4*f + 998 = -711*v, v + 2*f - 208 = 0. Calculate the remainder when v is divided by 65.
64
Let h = -1093 - -1126. Suppose -4*d - 120 + 632 = 0. Calculate the remainder when d is divided by h.
29
Suppose -3*d + 537 = -0*d. Let p = d + -106. Suppose -2*c + 51 = 4*s + 21, s = 4*c - 87. What is the remainder when p is divided by c?
10
Suppose 13*p - 80 = 15*p. Suppose 3*n - 3*m = 204, 4*n - 222 = -2*m + 74. Let u = p + n. What is the remainder when u is divided by 12?
8
Let d(m) = 184*m**2 - 43*m + 33. What is the remainder when 188 is divided by d(1)?
14
Suppose 0 = -116*h + 7719 + 1329. What is the remainder when 312 is divided by h?
0
Suppose 18*r = 1005 + 399. Let v = r + -50. What is the remainder when 222 is divided by v?
26
What is the remainder when (34 + 4071/(-115))*-5*233 is divided by 24?
23
Suppose 0 = -47*x + 25 + 22. What is the remainder when 125/(-10)*(-4)/5 is divided by x?
0
Let q = -478703 - -478814. Calculate the remainder when q is divided by ((-76)/(-10))/((-1)/(-5)).
35
Suppose -113*v - 98*v + 79899 + 13574 = 0. Calculate the remainder when v is divided by 20.
3
Let n(z) = z**3 + z**2 - z + 33. Let t be (-2)/8 - 113/(-4). Let i = -28 + t. What is the remainder when 129 is divided by n(i)?
30
Let i = -2183 - -2310. Calculate the remainder when i is divided by 78.
49
Let h(c) = 3*c**3 - 3*c**2 + 2. Let z = 87 - 89. Let t be 1/z + 90/36. Calculate the remainder when 52 is divided by h(t).
10
Let k(p) = p**3 + 7*p**2 + 85*p - 182. Suppose 0 = -3*s - 4*t + 290, -4*s + t + 0*t = -355. Calculate the remainder when s is divided by k(2).
18
Let p(b) = 18*b + 1159. Calculate the remainder when p(-52) is divided by 50.
23
Suppose 9*s + 12 = 8*s. What is the remainder when s*-2*((-10)/(-4) - 1) is divided by 10?
6
Suppose -5*m = 2*s, 0 = 4*m - 5*s - 29 - 4. Suppose -m*k - 2*c = 3*c - 225, -114 = -k - c. What is the remainder when k is divided by 20?
15
Suppose -34 = -2*o + 3*h, -5*o - 3*h + 27 = -16. Calculate the remainder when o is divided by (12 - 2)/1 + 297/(-99).
4
Let y be 3/8*(-36)/(-6)*444. Suppose 5*p + 3*b - 6*b = y, 0 = -2*p + 5*b + 411. Suppose -6*w + 120 + p = 0. Calculate the remainder when w is divided by 14.
11
Calculate the remainder when 161 is divided by ((-5229)/(-35) - (-24)/40)*2/2.
11
Suppose 3*m - 139 = 845. Suppose 3*p - m = -5*p. Calculate the remainder when 243 is divided by p.
38
Let m = 12097 - 12082. What is the remainder when 1182 is divided by m?
12
What is the remainder when 11233 is divided by 42 - (4/6 + (57/9 - 6))?
40
Suppose 160746 + 52855 = 251*r. Calculate the remainder when r is divided by 148.
111
Let p be 2 - (-9)/(-4) - 77/44. Let t be 7/5 + p + (-98)/(-5). Suppose -2*w + t = -w. Calculate the remainder when 70 is divided by w.
13
Let c(g) = 6*g**2 + 56*g + 75. Let y be c(-33). Suppose -8*b = -31*b + y. Calculate the remainder when b is divided by 35.
32
Suppose 37*z = 38*z - 3. Suppose 0 = 4*k + 3*a - 0*a - 113, 0 = -3*k + z*a + 90. What is the remainder when 55 is divided by k*-1*3/(-3)*1?
26
Let q(n) = 110*n + 22. Let r be q(1). Suppose 0*v - 4*v = -4*j + r, -v = 0. Calculate the remainder when 228 is divided by j.
30
Let i(y) = -y**3 + 10*y**2 - 21*y + 4. Calculate the remainder when 120 is divided by i(4).
8
Suppose 49304*m - 66 = 49293*m. What is the remainder when 26 is divided by m?
2
Let n(w) = 13*w - 39. Let a be n(3). Suppose a = 7*p - 653 - 817. Calculate the remainder when p is divided by 70.
0
Let h be -7*((-342)/70 + (-3)/(-5)). Suppose 3*n - h = -57. Calculate the remainder when 24 is divided by (-174)/n - (-5)/(-15).
5
Suppose 23 = o + 73. Let y be 10/o - 32/(-10). Suppose -x + 29 = 2*f, 4*x - y*x = -5. What is the remainder when f is divided by 9?
8
Suppose -1649*o + 105300 = -1634*o. What is the remainder when o is divided by 59?
58
Let y(o) = 110*o**3 - 1. Suppose -141*h - 622*h = -125*h - 14036. Calculate the remainder when y(1) is divided by h.
21
Let f = 20 - -1. Let k = -220 - -242. Let s = k - f. What is the remainder when 1 is divided by s?
0
Let u(f) = -7*f**3 - 17*f**2 - 38*f + 32. Calculate the remainder when 5093 is divided by u(-3).
179
Let l = 20165 - 12176. Calculate the remainder when l is divided by 131.
129
Let l be 10/4*(-12)/(-10). Suppose 106 = d + 2*g, 2*d + 2*d = -l*g + 449. Suppose -6*a = -58 - d. Calculate the remainder when 84 is divided by a.
26
Let n = 1964 - 1875. Calculate the remainder when 825 is divided by n.
24
Suppose 26*v - 24*v + 3*f + 1719 = 0, 0 = -2*v + f - 1739. Let l = 875 + v. What is the remainder when 356 is divided by l?
4
Let c(s) = 13 - 45*s + 3 + 1. Let u = -25 + 22. What is the remainder when c(u) is divided by 39?
35
Calculate the remainder when 5837 is divided by ((-13344)/(-192))/(2/4).
138
Suppose -22 = -2*c + 144. Calculate the remainder when c is divided by 35.
13
Let t = 29 - 26. Suppose 0 = z + 2, t*k = k - 4*z + 54. Suppose 0 = -5*v + q + 41, 2*v - 19 = -v - 5*q. What is the remainder when k is divided by v?
7
Suppose n = 5*k - 319, -2*k + 5*n + 92 = -54. Suppose -40863 + 1383 = -172*j + 11604. What is the remainder when j is divided by k?
45
Suppose 0 = 54*v + 124 - 3742. What is the remainder when 125 is divided by v?
58
Suppose 2*m = r + 1733, -22*m + 24*m = -2*r + 1712. What is the remainder when m is divided by 17?
13
Calculate the remainder when (-2 - -1230)*27/54 + -3 + 7 is divided by 220.
178
Suppose 45*i = -33 + 663. What is the remainder when (3/6)/((-1)/(-334)) is divided by i?
13
Let b be 150/80*2 + (-6)/8. Suppose -4*p = b*f - 298 - 203, -f - p = -166. Let z = 42 - -13. What is the remainder when f is divided by z?
53
Let r(j) = 2*j**2 + 6. Let s be r(7). Let p = 135 - s. Calculate the remainder when p is divided by 22.
9
Let t = 2060 + -1986. What is the remainder when 163 is divided by t?
15
Suppose 4*y - 36 = -0*y. Let t(o) = -o**3 - 3*o**2 + 6*o + 24. Suppose -p + 5 = -5*z, -p - 11 = 21*z - 18*z. What is the remainder when t(p) is divided by y?
8
Suppose 3*m = -2*w + 3, -6*m = -3*m - 3. Suppose w = 2*f + f, 0 = d + 4*f - 182. Calculate the remainder when d is divided by 31.
27
Let o = -356 + 371. Let r(a) = a**